False
Is 466707691 composite?
False
Is 67576603 prime?
False
Is 391416923 prime?
False
Is 36238108391 composite?
True
Is 1138998023 a prime number?
True
Is 28429716323 a composite number?
True
Is 279392381 a prime number?
True
Is 37974486677 prime?
False
Is 1015945583 composite?
True
Is 65194277 a prime number?
True
Is 19721474299 a prime number?
False
Is 63238927069 a composite number?
True
Is 11449978079 composite?
True
Is 1671969427 prime?
False
Is 3558012119 a composite number?
False
Is 5124350677 a composite number?
True
Is 36431571383 prime?
False
Is 26910418931 composite?
True
Is 90974533763 a composite number?
True
Is 2580411949 a composite number?
True
Is 63452737 prime?
False
Is 1168655731 composite?
True
Is 9848237691 a composite number?
True
Is 485922499 composite?
False
Is 133453493 a composite number?
False
Is 771005537 a composite number?
False
Is 2611016061 a prime number?
False
Is 10156787159 prime?
True
Is 1525766257 a prime number?
True
Is 53117059 composite?
True
Is 6012195971 a composite number?
True
Is 16554646601 prime?
True
Is 2173479359 composite?
True
Is 1969530749 a prime number?
True
Is 3063718843 a prime number?
False
Is 9713710634 prime?
False
Is 2069337323 a composite number?
True
Is 33117914597 a composite number?
False
Is 65340336983 a composite number?
True
Is 81488587 prime?
False
Is 1527396139 composite?
True
Is 445482851 a composite number?
True
Is 208448291 a composite number?
False
Is 1269594797 composite?
False
Is 2244369241 a prime number?
False
Is 10481615479 a prime number?
False
Is 690942829 prime?
True
Is 24836190151 prime?
False
Is 2971811937 a prime number?
False
Is 40773007558 a composite number?
True
Is 32039144419 prime?
True
Is 2858052503 a prime number?
False
Is 4250839591 a prime number?
False
Is 6433834483 a prime number?
True
Is 189991059001 composite?
True
Is 3321641249 a prime number?
True
Is 134103943 a prime number?
False
Is 822622847 composite?
False
Is 92795231 a prime number?
False
Is 870480047 prime?
True
Is 14775913259 a prime number?
False
Is 81529099931 composite?
False
Is 22507595917 composite?
True
Is 13111016767 prime?
False
Is 344405221 prime?
True
Is 922679237 a composite number?
True
Is 614926391 a prime number?
True
Is 27788011717 prime?
True
Is 1747553579 prime?
True
Is 52810121321 composite?
True
Is 341066879 a composite number?
False
Is 142638343 composite?
False
Is 19819197505 a composite number?
True
Is 18646570693 prime?
True
Is 11504781461 composite?
False
Is 67599877 composite?
True
Is 111875861 a prime number?
False
Is 2658597353 composite?
False
Is 3158153969 composite?
True
Is 3519886079 a prime number?
False
Is 76888884179 composite?
True
Is 74879681 a composite number?
False
Is 5086305713 a prime number?
True
Is 410706271 composite?
False
Is 1276788839 a prime number?
False
Is 1251713213 composite?
True
Is 98551489 a prime number?
True
Is 72939615479 a prime number?
True
Is 18978640879 prime?
False
Is 152208793 composite?
True
Is 181552408859 composite?
False
Is 1843475821 composite?
True
Is 26408322313 prime?
False
Is 58098971783 prime?
True
Is 3408235483 a prime number?
True
Is 2953500127 composite?
True
Is 12758714039 prime?
True
Is 470263463 a prime number?
True
Is 16051247 a composite number?
True
Is 548425379 prime?
True
Is 1068394853 composite?
False
Is 172587772427 prime?
False
Is 4611515957 a prime number?
False
Is 20558099449 composite?
True
Is 473780341 prime?
False
Is 306037367 a prime number?
True
Is 20265283763 composite?
True
Is 66218216761 a prime number?
True
Is 10499787083 a prime number?
True
Is 274888609 prime?
False
Is 3834992287 a prime number?
False
Is 724414069 a prime number?
True
Is 9641603683 composite?
True
Is 39615659 a composite number?
False
Is 1264352813 composite?
False
Is 286259507533 prime?
True
Is 3667902922 prime?
False
Is 39356026379 a prime number?
True
Is 3956971877 a prime number?
False
Is 246873115439 a composite number?
True
Is 206044753 prime?
False
Is 4621246033 prime?
True
Is 34377763263 a prime number?
False
Is 2077627603 prime?
False
Is 23624698927 a composite number?
True
Is 1702760387 a composite number?
True
Is 11880522089 composite?
False
Is 324323057 composite?
True
Is 1735441879 a composite number?
False
Is 1145387023 composite?
True
Is 306904814467 a prime number?
True
Is 24345367703 prime?
True
Is 53023411339 composite?
False
Is 19890051169 composite?
True
Is 8598123797 prime?
True
Is 168746639 a composite number?
False
Is 1167155681 a composite number?
False
Is 73884487909 a composite number?
True
Is 2485445629 a prime number?
True
Is 158269882 composite?
True
Is 398150617 a prime number?
True
Is 7194455057 a prime number?
False
Is 850547294 a prime number?
False
Is 33282557261 a composite number?
True
Is 27150442279 composite?
True
Is 2089601219 composite?
False
Is 297757829 prime?
True
Is 6314219939 a composite number?
False
Is 33966409531 composite?
True
Is 13907971547 prime?
True
Is 275878007 a composite number?
False
Is 221984645455 a prime number?
False
Is 953645795 prime?
False
Is 72294563719 prime?
False
Is 314422231 prime?
True
Is 2418200923 prime?
False
Is 315243211 a composite number?
True
Is 3716200849 prime?
True
Is 7236602969 a prime number?
True
Is 33412511213 a prime number?
False
Is 5477116517 a prime number?
True
Is 8110137611 a composite number?
False
Is 4318137101 prime?
False
Is 124165884823 composite?
False
Is 1370493023 a prime number?
True
Is 47877445787 a composite number?
False
Is 28338082661 a prime number?
False
Is 368967253 composite?
False
Is 142375463 a prime number?
True
Is 147219281663 a prime number?
True
Is 12165801709 a composite number?
False
Is 6324621403 prime?
False
Is 1607563871 prime?
True
Is 10923648563 a prime number?
True
Is 822633323 a composite number?
False
Is 5019183833 a prime number?
True
Is 75706730597 a composite number?
True
Is 747728063 prime?
False
Is 1159579111 composite?
True
Is 740046869 a composite number?
False
Is 709597429 composite?
False
Is 3565748093 composite?
False
Is 8415038869 prime?
False
Is 40508060155 a prime number?
False
Is 552622157 a composite number?
False
Is 3287464147 prime?
False
Is 5785882309 composite?
True
Is 211221601 prime?
True
Is 11433873959 prime?
True
Is 689067583 prime?
False
Is 81013136543 composite?
False
Is 3655269337 prime?
True
Is 164719949419 prime?
False
Is 11232419773 composite?
False
Is 11004009637 prime?
False
Is 7074567007 composite?
True
Is 12582676963 composite?
False
Is 12563559391 a prime number?
False
Is 58408365733 a prime number?
False
Is 3005911787 a prime number?
True
Is 405358589 a composite number?
False
Is 4295529353 a composite number?
True
Is 891919241 a composite number?
False
Is 2902398069 a composite number?
True
Is 75543246491 a composite number?
False
Is 226453985 a composite number?
True
Is 132697303 composite?
False
Is 15458152209 a composite number?
True
Is 235484791 a prime number?
True
Is 143265949 a prime number?
True
Is 10662391631 a prime number?
False
Is 579034397 prime?
True
Is 1139127361 a composite number?
False
Is 2918195887 a composite number?
True
Is 45279981919 composite?
False
Is 106578595237 composite?
False
Is 1738941797 composite?
False
Is 4210497887 prime?
False
Is 11063841973 a prime number?
True
Is 3404248933 a prime number?
True
Is 112196215049 prime?
True
Is 68706819499 composite?
True
Is 669285647 a composite number?
False
Is 53250247 a prime number?
True
Is 554754589 prime?
False
Is 140154737 composite?
True
Is 455179273 prime?
False
Is 804684971 a composite number?
False
Is 9794645551 a composite number?
False
Is 11429423921 prime?
False
Is 377539609 a composite number?
False
Is 50715651017 a prime number?
True
Is 3922752199 prime?
True
Is 64131324191 a prime number?
False
Is 1415370409 a prime number?
True
Is 309738987842 prime?
False
Is 21736812709 a prime number?
False
Is 12820917019 a composite number?
False
Is 30200703179 composite?
False
Is 73486762071 composite?
True
Is 4688071873 a composite number?
True
Is 9213122617 prime?
False
Is 70145122837 prime?
True
Is 83673841 prime?
False
Is 935036533 a prime number?
False
Is 1585694197 a prime number?
True
Is 1947560569 prime?
False
Is 2103074969 prime?
True
Is 82269809 prime?
False
Is 612994322 compo